(m).
3
Let n(k) = k**2 + k - 6. Let z(p) = p**2 + 2*p - 7. Let x(a) = 5*n(a) - 4*z(a). What is x(4)?
2
Let r = 125 - 81. Let j(w) = -70 + w + 35 + r. Calculate j(0).
9
Suppose 5*j = -5*b, -j + 1 = -0. Let o = -6 - b. Let r(a) be the first derivative of -a**3/3 - 5*a**2/2 + 2*a - 1. Calculate r(o).
2
Let q(x) = -15 - 5*x + 23 - 7 + 0*x. Determine q(-3).
16
Suppose -l = -5*l - 8. Let o be 3 - 3/(3/l). Let r(n) = -n**2 + 4*n + 7. Calculate r(o).
2
Let y(z) be the first derivative of -7*z**3/3 + z**2/2 - 5. What is y(1)?
-6
Let c(u) = 8*u**2 + 5*u - 7. Let i(m) = 7*m**2 + 4*m - 6. Let n(x) = -4*c(x) + 5*i(x). Let f(t) = t**3 + t**2 + t + 2. Let k be f(0). Calculate n(k).
10
Let a(t) = t**3 - 3*t**2 - 2*t + 5. Let m(y) = y**2. Let p(q) = -a(q) + 2*m(q). Give p(5).
5
Let r(m) be the second derivative of 7*m**5/20 - m. Calculate r(-1).
-7
Let h = 7 - 5. Let x(j) = -h + 3 - 3 + j**2. Determine x(0).
-2
Suppose 3*h = h + 6. Let t(u) = -2 - 5*u + 3*u + 4*u + 1. What is t(h)?
5
Let b = -1 - 3. Let v(s) be the third derivative of s**5/120 - s**4/6 + s**3/6 - 3*s**2. Let w(d) be the first derivative of v(d). Determine w(b).
-8
Suppose 2 + 1 = l. Let j(u) = -2*u**3 - u**2 + 4*u + 2. Let y(w) = w**3 - 2*w - 1. Let t(o) = -2*j(o) - 5*y(o). What is t(l)?
-2
Let v(i) = i - 1. Let t be v(0). Let s(z) = 7*z**2 + z. Give s(t).
6
Let a = 5 - 2. Let q(l) = 5*l**2 + 4*l - l**2 - a + 7 - l**3. Suppose 0 = -6*u + u - k + 26, -5*k = -5. Determine q(u).
-1
Let p = 3 - -1. Let b = -5 + 5. Let r be (-2 - (2 - p)) + b. Let n(f) = -f**2 + 7. What is n(r)?
7
Let l(a) = -a**3 + 3*a**2 + 3*a + 4. Let m be ((0 - 1) + 2)*7. Suppose -3*z + 5 + m = 0. Determine l(z).
0
Suppose -5*n = -0*u - u + 5, -4*u - 22 = n. Let v(d) = -4*d - 2. Give v(n).
6
Let n(d) = d**3 - 3*d**2 - 3*d + 2. Suppose -3*t - 2 + 14 = 0. Give n(t).
6
Let t(j) = -j**2 - 7*j - 5. Let v be t(-5). Let x(l) = l**2 - 4*l - 6. Determine x(v).
-1
Suppose -15 - 6 = -3*m. Suppose 3*k + 8 = m*k. Let j be (-2)/k + 3 + -2. Let s(i) = i**2 + i + 6. What is s(j)?
6
Let l = -21 - -15. Let u(d) be the third derivative of -d**4/24 - 2*d**3/3 + d**2. Determine u(l).
2
Let s = 11 + -8. Let i(p) = -2*p**3 + p**s + 0*p**3 - 4 - 9*p + 4*p + 7*p**2. Calculate i(6).
2
Suppose 4*j - 4*o = -40 + 8, -4 = -o. Let z(h) = -h - 9. Give z(j).
-5
Let p(n) be the third derivative of -n**4/8 + n**3/6 - 2*n**2. Give p(-2).
7
Let a(t) be the first derivative of t**4/4 + t**3/3 - t**2/2 + t - 3. Determine a(1).
2
Let o(d) = -d**3 - d**2 - d. Let h be o(-1). Let q(z) = -z**2. Let v(x) = 5*x**2 - 3*x + 4. Let l(b) = h*v(b) + 6*q(b). What is l(-3)?
4
Let a(x) = -2*x - 2. Let u be a(3). Let m be (-9)/(-2)*u/(-6). Let z(r) = r**2 - 7*r - 7. Determine z(m).
-13
Let v(a) = -a**2 - a + 1. Suppose -2*r + 3 + 3 = 0. Let d be 48/8 - (2 - -1). Suppose t - 3*l = -2*t - 21, r*l - d = -3*t. Calculate v(t).
-5
Let r(o) = 8*o + o**3 - 4 - o + 2*o - 10*o**2 + 6. Let k be r(9). Let t(l) = 2*l**3 - 3*l**2 + 2*l - 3. Determine t(k).
5
Let s(x) = -2 + 6 - 5 + x. Determine s(1).
0
Suppose b + 2*b - 2 = q, -3*b + 8 = 5*q. Let x(t) = -3 + t - 3 + 3 + b. Calculate x(3).
1
Let k(t) = 6*t**3 + t**2 - t. Suppose -4*q - 16 = -4*a, -11 = 2*q - 4*a + 7. Calculate k(q).
6
Suppose 2*i = -5*s + 37, 4*i + s = i + 36. Let x(g) = i*g**3 - 1 - 2*g**3 + 3*g**2 - 8*g**3. Calculate x(-1).
1
Let h(r) = r - 2. Let l(m) = 1. Let j(s) = -h(s) - 6*l(s). Calculate j(-3).
-1
Let y(f) = 8*f**3 + f**2 - 5*f + 1. Let x(d) = -3*d. Let b be x(2). Let q(o) = 17*o**3 + 2*o**2 - 11*o + 2. Let p(z) = b*q(z) + 13*y(z). Calculate p(-1).
-1
Suppose -n = -3*m + 19 - 2, -2 = -2*n - 3*m. Let g(q) = q**3 + 6*q**2 + 3*q + 3. What is g(n)?
13
Let h(m) be the second derivative of m**5/20 - m**4/12 - m**2 - m. Determine h(0).
-2
Let w = -140 - -133. Let m(l) = l**2 + 4*l - 5. What is m(w)?
16
Suppose 3*u - 5*u = 10. Let j(r) = r**2 + 5*r - 7. What is j(u)?
-7
Let q(n) be the second derivative of n**6/120 + n**5/15 - n**4/6 + 2*n**3/3 - 3*n**2/2 - 6*n. Let w(o) be the first derivative of q(o). Calculate w(-5).
-1
Let q(v) = -v**2 + 4*v + 6. Suppose 0 = d + 4 - 39. Suppose -5*x + d = 10. Give q(x).
1
Let a be 2*2/((-16)/(-60)). Let h = -13 + a. Let o(q) = 3*q**2 - q - 2. Determine o(h).
8
Let b(l) = l**2 - 2*l + 4. Let o(q) = -4*q**2 + 4 + q**3 + 0*q**2 - q**2. Let w be o(5). Give b(w).
12
Suppose -3*t = 4*f + 18, 4*f = t + 9 - 3. Let m be t/(-15) + 34/(-10). Let q(j) = 3*j**3 - 2*j + 3 - 5 - 3*j**2 + j**3 - 5*j**3. What is q(m)?
4
Let u(c) = 4*c - 21. Let a be u(8). Let h(m) = -m**3 + 11*m**2 + 2*m - 13. Calculate h(a).
9
Let j(h) be the first derivative of -h**5/5 + h**3/6 + 4*h - 1. Let o(k) be the first derivative of j(k). Calculate o(1).
-3
Let w = 8 + -6. Suppose -i = -w*i. Suppose i = 4*n + 2*y - 4, 6*y = 4*n + 3*y + 16. Let c(b) = -5*b**2 - 1. Give c(n).
-6
Let v(k) be the first derivative of 1/3*k**3 + 2 - 3*k**2 - 2*k. Give v(6).
-2
Let t(f) = -7*f - 2 + f**2 + 0*f - 1. Suppose -5*j + 43 - 13 = 0. Determine t(j).
-9
Suppose 3*b = 4*s + 6, -6*s + 2*b - 4 = -3*s. Suppose s = 2*f + 2*f - 20, -2*a = -2*f + 18. Let m(t) = t**2 + 12*t - 5 - 9*t + 4. What is m(a)?
3
Let g(d) = -6*d**2 + d - 3*d**2 + 0*d - 2*d**2. Suppose 5*t + 2 = 17. Let l = t + -2. Determine g(l).
-10
Let z = -45 + 45. Let f(h) be the second derivative of -h**4/4 - 2*h**3/3 - 7*h**2 - 2*h. Let q(o) = o**2 + o + 1. Let j(w) = -f(w) - 4*q(w). Give j(z).
10
Let o(u) = -u**2 - 4*u + 1. Suppose 4*j + 1 = 3*d, -4*d = j - 13 - 1. Suppose l - d*l = 12. What is o(l)?
-11
Let a(j) = j**3 + j**2 - j - 1. Let r(h) = 5*h**3 - 6*h - 5. Let i(x) = -6*a(x) + r(x). Determine i(-6).
1
Suppose 0 = -9*q + 6*q - 9. Let r(w) = -2*w**2 - 17*w + 19. Let z(f) = -f**2 - 8*f + 9. Let u(a) = 6*r(a) - 13*z(a). Determine u(q).
0
Let q(h) be the first derivative of -h**3/6 + 4*h + 3. Let t(d) be the first derivative of q(d). Calculate t(4).
-4
Let f(k) = -k**3 + 1. Suppose -2*w - 2*c + 5*c = -3, -3*w + 2 = -2*c. Let z be f(w). Let u(j) be the second derivative of -7*j**3/6 - 3*j. Determine u(z).
-7
Let z be (-5)/((-2)/(-2)) + 0. Let f(c) = -c - 1. Let r(x) = -x. Suppose 3*t + 2*q = 27, t - 6 + 14 = 5*q. Let b(d) = t*f(d) - 6*r(d). Determine b(z).
-2
Let d(v) = -v**2 + v + 3. Let z be d(0). Suppose z*l - 3 = 4*y, 2*y = -0*l + l - 1. Let g(c) = -c + 1. What is g(y)?
1
Let q(f) be the third derivative of 0*f + 1/24*f**4 - 1/30*f**5 + 1/6*f**3 + 0 - f**2 - 1/120*f**6. Let a be q(-2). Let p(m) = 6*m**2 - 2*m - 1. What is p(a)?
7
Let m(w) be the first derivative of -6*w**2 + 11*w - 3. Let l(n) = -8*n + 7. Let r(s) = 8*l(s) - 5*m(s). Let a = 2 - 3. Calculate r(a).
5
Let q be (6*4/(-18))/((-3)/(-9)). Let h(l) = -l. Let i be h(-5). Let m(o) = -5*o**3 - i*o**2 - 7*o + 0 + 4*o**3 - 6. Determine m(q).
6
Let p(j) = j + 1. Let q be p(-2). Let l(r) be the second derivative of r**5/4 - r**4/12 + r**2/2 + r. Give l(q).
-5
Suppose 3 = 3*o - 3*r, -5*o - r + 35 = 6. Let m(c) = -2*c + 3. Determine m(o).
-7
Let f(o) = 4*o - 1. Let q(v) = v**2 + 20*v + 37. Let j be q(-18). Give f(j).
3
Let p = -154 + 147. Let m(f) = f**3 + 8*f**2 + 8*f - 5. Calculate m(p).
-12
Suppose -7*l + 216 = -3*l. Let b(v) = 53*v - 3 - l*v + 4. Determine b(-3).
4
Let o(n) be the third derivative of 0 + 0*n - 1/12*n**4 - 2*n**2 - 1/3*n**3. What is o(-3)?
4
Let t(w) = 5*w. Let f(h) = -9*h - 1. Suppose -v = 4*d + 28, -3*d + 6*v - 2 = 2*v. Let q(p) = d*f(p) - 11*t(p). Let x be q(6). Let j(r) = r**2. Calculate j(x).
0
Let u(b) = -2*b + 6. Let m be u(5). Let c(x) = 5*x**2 - 8*x + 2. Let k(z) = -z**2 + z - 1. Let y(t) = m*k(t) - c(t). What is y(3)?
5
Let m(d) = -d**2 + 4*d + 2. Suppose 0 = w - 2. Suppose 0 = w*c + 3*c - 40. Let y = c - 4. Determine m(y).
2
Let z be (-47)/12 + 9 + -5. Let u(c) be the second derivative of 2*c + 0*c**2 - z*c**4 + 0 - 1/2*c**3. Give u(-3).
0
Let n(o) be the third derivative of -o**4/6 - o**3/3 - 8*o**2. Give n(-2).
6
Let i(o) = -o**2 - 8*o - 9. Let d(b) = 3*b + 25. Let l be d(-11). Give i(l).
-9
Suppose 4*x + 3 = -5*n - 1, 0 = 3*n - x - 1. Let o(j) be the first derivative of n*j - 1 - 1/2*j**2. Determine o(2).
-2
Let d(f) = 2*f - 4. Let o(m) = 2*m - 4. Let n(i) = 4*d(i) - 3*o(i). Determine n(5).
6
Let f be ((-1)/(-2))/((-25)/(-100)). Let h(w) = w**2. What is h(f)?
4
Let t(f) = -f + 12 - 10 + 0*f - 2*f